d + 10 = -3*s, d = -2*s - d. Suppose c = 8*c + 322. Let h = s - c. What are the prime factors of h?
41
Suppose -3*v - 163 - 1212 = -4*t, -1381 = -4*t + v. List the prime factors of t.
2, 173
Suppose -k = 4*k - 75. Let x = 0 + -1. Let m = x + k. List the prime factors of m.
2, 7
Let i(p) = -p**2 + 4*p + 8. Let t be i(5). Let g be ((-63)/14)/(t/8). List the prime factors of g/9*348/(-8).
2, 29
Let r be (0/(2 - 3))/(-3). Suppose r = -3*d + 56 + 46. List the prime factors of d.
2, 17
Let x(u) = u**3 + 8*u**2 - 4*u - 5. Suppose -2*v - 23 - 13 = 0. Let y = v + 10. List the prime factors of x(y).
3
Let u(q) = 4*q**3 - 5*q**2 + 6*q + 20. What are the prime factors of u(6)?
2, 5, 37
Suppose 65*c - 3148 = 61*c. List the prime factors of c.
787
Suppose -4*v - 3 = -19. Suppose 4*f - 4 - 16 = 0, 394 = v*s - 2*f. Let k = s - 59. What are the prime factors of k?
2, 3, 7
Suppose -402 = -2*h - 34. Suppose -3*s + 20 = -h. What are the prime factors of s?
2, 17
Let z be (-1170)/24 + (-2)/8. Let y be 345/(-12) - (-1)/(-4). Let v = y - z. What are the prime factors of v?
2, 5
Let q(w) = w**3 - 5*w**2 - 5*w - 6. Let h be q(6). Let x be (-5 - -4)/(3/(-258)). Suppose -4*u - 20 = h, 2*u + x = f - 2*u. List the prime factors of f.
2, 3, 11
Suppose -5*p + 5*x - 53 = -213, -126 = -4*p + 2*x. What are the prime factors of p?
31
Let r(q) = q**3 + q**2 - q - 2. Suppose -5*c - 2*m = -20, -4*m + 0 + 22 = c. Let l be r(c). Suppose -o + 32 = l. What are the prime factors of o?
2, 3
Let b(n) = -2*n + 39. Let y be b(18). Suppose 5*l = y*l + 196. What are the prime factors of l?
2, 7
Let t(x) = -x**2 - 8*x + 10. Let j be t(5). What are the prime factors of (0 + 3)*-28*j/30?
2, 7, 11
Let n(h) = 116*h + 4. Let q be n(-1). Let z = q + 169. What are the prime factors of z?
3, 19
Let v(s) = 14*s + 104. What are the prime factors of v(13)?
2, 11, 13
Suppose -39*a + 15027 = -8646. List the prime factors of a.
607
Let i be 4/(-12)*0 - 8. Let v = 17 + i. Let a = 27 - v. What are the prime factors of a?
2, 3
Suppose 16 = k + 14. Suppose 3*q - 211 = -y + 5*y, 0 = 2*q - k*y - 138. List the prime factors of q.
5, 13
Suppose 45 = -0*h + 3*h. Let t = 22 + -32. List the prime factors of (h/t)/((-3)/14).
7
Suppose -2*j = j - 9. Suppose -j*u - u = -12. Suppose -4*b = 5*r - 119, -u*b - 2*r = -4*r - 72. List the prime factors of b.
2, 13
Let r be ((-6)/(-4))/(539/268 - 2). Suppose p + 21 = r. What are the prime factors of p?
113
Suppose -4*y - 8 = 0, 3*x + x = 2*y + 296. Let v = x + 65. List the prime factors of v.
2, 3, 23
Let w(p) = -p**3 - 10*p**2 - 9*p + 4. Suppose -2 = 4*x + 34. Let g be w(x). Suppose c - 27 = -3*n, -g*c + c = 3*n - 87. List the prime factors of c.
2, 3, 5
Suppose 4*z - 1215 = -3*n, 4*z - 3*n - 1214 = -5*n. Suppose t - 189 = -t + 3*k, -3*t + z = 2*k. List the prime factors of t.
3, 11
Let m = -144 - 103. What are the prime factors of (-3202)/(-26) + 38/m?
3, 41
Let b(g) = -g**2 + 4*g - 1. Suppose c = 2 - 0. Let y be b(c). List the prime factors of 462/8 + y/12.
2, 29
Suppose 0 = 3*x + 3*d - 5193, 2*x - 4582 + 1117 = d. What are the prime factors of x?
2, 433
Let f(z) = z**2 - 7*z. Let i be f(4). Let w be (-32)/i*(-9)/6. What are the prime factors of (w/4)/(1/(-5))?
5
Let w(n) = n**3 - n**2 - n + 1. Let a(v) = 3*v + 13. Let j be a(-5). Let d be w(j). Let c(b) = -b**2 - 12*b + 1. What are the prime factors of c(d)?
2, 7
Let c be 4/(-28) - (-44)/14. Suppose -c*i + 2*i = -41. What are the prime factors of i?
41
Let o(c) = -9*c**3 + c**2 - 7*c - 1. Let r(v) = -10*v**3 - 7*v - 1. Let z(w) = -4*o(w) + 3*r(w). List the prime factors of z(3).
2, 37
Suppose 3178 = 2*q - 13*j + 9*j, -2*j = q - 1593. What are the prime factors of q?
37, 43
Suppose 7*l = 3*l, -3*m = 2*l - 4866. List the prime factors of m.
2, 811
Suppose -3*h - 3 = 0, 3182 = 5*q + 4*h + 561. Suppose -7*u + q = 98. List the prime factors of u.
61
Let j(p) = 2*p**2 + 18*p + 8. Let c be j(-12). What are the prime factors of 7/(35/c) - -2?
2, 3
Let j = -13 + 140. Let x = -61 + -25. Let g = j + x. What are the prime factors of g?
41
Suppose -2*c + 63*u - 67*u + 7042 = 0, 10575 = 3*c + 3*u. List the prime factors of c.
3529
Let g(y) = 5*y + 5. Let j be g(-8). Let a be 17/(-2)*(2 + 0). Let q = a - j. List the prime factors of q.
2, 3
Let c = -33 - -32. What are the prime factors of c/(-6)*68*3?
2, 17
Let p = 91 - -157. List the prime factors of p.
2, 31
Let l(s) be the second derivative of -4*s**5/5 - s**4/6 - s**3/3 - s**2/2 + 17*s. What are the prime factors of l(-2)?
3, 41
Suppose 1600 - 492 = 2*a. What are the prime factors of a?
2, 277
Suppose 5681 = 6*c - 1645. List the prime factors of c.
3, 11, 37
Let m(x) = 30*x**2 - 2*x + 1. Let u be m(1). Let o = 33 - u. Suppose -28 = -6*a + o*a. What are the prime factors of a?
2, 7
Let u(m) = -m**2 + 110*m + 1051. What are the prime factors of u(79)?
2, 5, 7
List the prime factors of ((-6)/(-4) + -9)*(-1328)/10.
2, 3, 83
Suppose -84*z = -92*z + 8. Let r(i) = 2 + 0 + 48*i - 3. List the prime factors of r(z).
47
Suppose 2*s = -n - 3*n + 164, 136 = 3*n - 5*s. Suppose -2*r + 3*r = n. What are the prime factors of r?
2, 3, 7
Let v(z) = z**3 - 8*z**2 + 2*z - 10. Let b(p) = -p**3 + 5*p**2 + 6*p + 8. Let h be b(6). Let t be v(h). List the prime factors of ((-2)/t)/((-1)/99).
3, 11
Let m = 375 + -533. Let l = m - -103. What are the prime factors of 0/(-11) - (0 + l)?
5, 11
Let j = 1363 - 492. List the prime factors of j.
13, 67
Let c be (-712)/10 - -1*1/5. Let v = c + 128. List the prime factors of v.
3, 19
Let b(k) be the third derivative of k**6/40 - k**5/30 + k**3/6 + k**2. Let u be b(1). Suppose 0 = -u*t - 0*t + 34. What are the prime factors of t?
17
Let j(m) = -218*m - 141. What are the prime factors of j(-4)?
17, 43
Suppose -132 = -m - m. Let i = m + -37. List the prime factors of i.
29
What are the prime factors of (-202646)/(-50) - (369/75 + -5)?
3, 7, 193
Let u be (38/(-95))/((-3)/105). Suppose -3 = -3*p + 57. Let l = u + p. What are the prime factors of l?
2, 17
Suppose 3*y + 21 = -2*c, y + 2 + 12 = -3*c. Let a(t) = t**2 - 4. Let u(f) = -2*f**2 - f + 9. Let w(n) = 5*a(n) + 2*u(n). What are the prime factors of w(y)?
3, 11
Let w(f) = -9*f + 9. Let m be w(-3). Suppose 0 = i + j - 7, 4*i = j + 17 + m. List the prime factors of i.
2, 3
List the prime factors of (-162)/90*7/(-3)*70.
2, 3, 7
Let k(n) = -4*n**3 + 2*n**2 - 1. Let u be k(-1). Suppose -u*l + 480 + 305 = 0. Let c = l - 106. What are the prime factors of c?
3, 17
Let x(p) be the third derivative of p**5/12 + 5*p**4/24 - 7*p**3/6 - p**2. Suppose f = -5*k - 7, 1 = 2*k + 5. List the prime factors of x(f).
53
Let v(b) = -2*b + 8. Let h(f) = -3*f**2. Let c be h(1). Let j(l) = -l**3 - 4*l**2 + 2. Let p be j(c). What are the prime factors of v(p)?
2, 11
Suppose 7698 = 5*o - 2772. What are the prime factors of o?
2, 3, 349
Let a = -2445 + 3596. What are the prime factors of a?
1151
Let j = 1055 + -307. List the prime factors of j.
2, 11, 17
Suppose -3*l + 1306 = -5*c, -2*l + 862 = 2*c + 2. List the prime factors of l.
2, 3
Suppose 3 - 7 = 2*r, 238 = f - r. Suppose -268 - f = -3*w. What are the prime factors of w?
2, 3, 7
Suppose -2*o + 1799 = 4*w - 365, -4*w + 2166 = o. Suppose -5*l = 5*r - 0*l - 675, 4*r + 3*l - w = 0. What are the prime factors of r?
137
Suppose 0 = -92*w + 102*w - 6580. List the prime factors of w.
2, 7, 47
Let l = -60 + 127. Let x = l - 43. List the prime factors of x.
2, 3
List the prime factors of (15 - (-3024)/(-90))*(-15)/1.
3, 31
Let m(v) be the third derivative of v**5/60 + v**4/12 + v**3/6 - 5*v**2. Let j be m(-4). Suppose 6*h - j*h = -90. What are the prime factors of h?
2, 3, 5
Suppose -u - d - 92 + 280 = 0, -2 = -d. Suppose -3*z = -6, -3*z = -4*x - 0*z + u. What are the prime factors of x?
2, 3
Let v(g) = 79*g**2 + 4*g - 7. What are the prime factors of v(-4)?
17, 73
Let x(n) be the first derivative of -n**3/3 + n**2 - 7. Let u be x(0). Suppose u = 4*h - 44 - 4. List the prime factors of h.
2, 3
Let g be ((-65)/15 + 4)*-9. Suppose -g*v + 18 = -0*v. List the prime factors of v.
2, 3
Let r = -672 - -1723. List the prime factors of r.
1051
Let d(o) = o**3 + 14*o**2 + 2*o - 11. Let y be d(-10). Let l = 550 - y. What are the prime factors of l?
181
Suppose 13*p + 5*c = 15*p - 1582, 3*c + 1574 = 2*p. What a